when 493 is divided by 472?
21
What is the remainder when 564 is divided by 8?
4
Calculate the remainder when 248 is divided by 28.
24
Calculate the remainder when 283 is divided by 17.
11
What is the remainder when 89879 is divided by 428?
427
What is the remainder when 390 is divided by 49?
47
Calculate the remainder when 412 is divided by 59.
58
Calculate the remainder when 1025 is divided by 260.
245
What is the remainder when 991 is divided by 332?
327
What is the remainder when 2276 is divided by 451?
21
What is the remainder when 479 is divided by 6?
5
What is the remainder when 21672 is divided by 289?
286
What is the remainder when 979 is divided by 28?
27
Calculate the remainder when 390 is divided by 48.
6
Calculate the remainder when 88 is divided by 9.
7
Calculate the remainder when 99 is divided by 13.
8
What is the remainder when 337 is divided by 18?
13
Calculate the remainder when 104 is divided by 42.
20
What is the remainder when 55 is divided by 23?
9
Calculate the remainder when 13173 is divided by 24.
21
Calculate the remainder when 2468 is divided by 13.
11
What is the remainder when 77 is divided by 6?
5
Calculate the remainder when 756 is divided by 81.
27
What is the remainder when 708 is divided by 217?
57
What is the remainder when 725 is divided by 52?
49
Calculate the remainder when 455 is divided by 57.
56
What is the remainder when 285 is divided by 98?
89
What is the remainder when 223 is divided by 113?
110
Calculate the remainder when 5983 is divided by 8.
7
What is the remainder when 2295 is divided by 20?
15
Calculate the remainder when 20373 is divided by 23.
18
What is the remainder when 1556 is divided by 20?
16
Calculate the remainder when 33879 is divided by 8.
7
Calculate the remainder when 197 is divided by 40.
37
Calculate the remainder when 274 is divided by 31.
26
Calculate the remainder when 514 is divided by 223.
68
Calculate the remainder when 161 is divided by 41.
38
What is the remainder when 4040 is divided by 23?
15
What is the remainder when 4860 is divided by 304?
300
What is the remainder when 139 is divided by 24?
19
What is the remainder when 321 is divided by 99?
24
What is the remainder when 73 is divided by 5?
3
What is the remainder when 20 is divided by 2?
0
Calculate the remainder when 637 is divided by 28.
21
Calculate the remainder when 45 is divided by 15.
0
Calculate the remainder when 332 is divided by 28.
24
What is the remainder when 190 is divided by 20?
10
Calculate the remainder when 1641 is divided by 409.
5
Calculate the remainder when 111 is divided by 92.
19
Calculate the remainder when 1110 is divided by 276.
6
Calculate the remainder when 217 is divided by 70.
7
What is the remainder when 1179 is divided by 16?
11
Calculate the remainder when 55 is divided by 15.
10
Calculate the remainder when 38 is divided by 34.
4
Calculate the remainder when 1531 is divided by 29.
23
Calculate the remainder when 1108 is divided by 205.
83
What is the remainder when 2458 is divided by 818?
4
What is the remainder when 141 is divided by 72?
69
What is the remainder when 118 is divided by 49?
20
Calculate the remainder when 869 is divided by 103.
45
Calculate the remainder when 7090 is divided by 295.
10
What is the remainder when 142 is divided by 16?
14
What is the remainder when 252 is divided by 30?
12
Calculate the remainder when 1140 is divided by 61.
42
What is the remainder when 936 is divided by 20?
16
What is the remainder when 520 is divided by 15?
10
Calculate the remainder when 2788 is divided by 65.
58
What is the remainder when 1927 is divided by 1924?
3
Calculate the remainder when 174 is divided by 30.
24
What is the remainder when 45402 is divided by 96?
90
Calculate the remainder when 252 is divided by 30.
12
What is the remainder when 295 is divided by 71?
11
Calculate the remainder when 802 is divided by 28.
18
What is the remainder when 525 is divided by 60?
45
Calculate the remainder when 87 is divided by 61.
26
Calculate the remainder when 571 is divided by 25.
21
What is the remainder when 203 is divided by 190?
13
Calculate the remainder when 401 is divided by 110.
71
Calculate the remainder when 61 is divided by 22.
17
Calculate the remainder when 39 is divided by 8.
7
What is the remainder when 314 is divided by 9?
8
What is the remainder when 1070 is divided by 42?
20
What is the remainder when 51 is divided by 27?
24
Calculate the remainder when 24 is divided by 12.
0
What is the remainder when 6652 is divided by 121?
118
Calculate the remainder when 91 is divided by 49.
42
What is the remainder when 5071 is divided by 268?
247
Calculate the remainder when 643 is divided by 233.
177
What is the remainder when 130 is divided by 44?
42
What is the remainder when 629 is divided by 51?
17
What is the remainder when 35661 is divided by 12?
9
Calculate the remainder when 220 is divided by 82.
56
Calculate the remainder when 1841 is divided by 74.
65
Calculate the remainder when 154 is divided by 106.
48
What is the remainder when 425 is divided by 119?
68
Calculate the remainder when 690 is divided by 21.
18
What is the remainder when 3074 is divided by 193?
179
What is the remainder when 172 is divided by 11?
7
What is the remainder when 3196 is divided by 1050?
46
Calculate the remainder when 184 is divided by 47.
43
What is the remainder when 250 is divided by 23?
20
Calculate the remainder when 220 is divided by 17.
16
What is the remainder when 144 is divided by 74?
70
Calculate the remainder when 207 is divided by 25.
7
Calculate the remainder when 53 is divided by 4.
1
What is the remainder when 5207 is divided by 1732?
11
What is the remainder when 379 is divided by 56?
43
What is the remainder when 54 is divided by 7?
5
Calculate the remainder when 1084 is divided by 78.
70
What is the remainder when 14179 is divided by 29?
27
What is the remainder when 421 is divided by 53?
50
What is the remainder when 128 is divided by 7?
2
What is the remainder when 3535 is divided by 122?
119
What is the remainder when 3611 is divided by 172?
171
Calculate the remainder when 79 is divided by 42.
37
What is the remainder when 344 is divided by 8?
0
What is the remainder when 87 is divided by 76?
11
What is the remainder when 6582 is divided by 33?
15
What is the remainder when 1017 is divided by 55?
27
Calculate the remainder when 695 is divided by 183.
146
What is the remainder when 2131 is divided by 14?
3
Calculate the remainder when 236 is divided by 61.
53
Calculate the remainder when 95 is divided by 50.
45
What is the remainder when 78 is divided by 66?
12
What is the remainder when 5697 is divided by 10?
7
Calculate the remainder when 188 is divided by 57.
17
What is the remainder when 184 is divided by 112?
72
Calculate the remainder when 9301 is divided by 32.
21
What is the remainder when 339 is divided by 69?
63
What is the remainder when 5972 is divided by 181?
180
What is the remainder when 367 is divided by 92?
91
What is the remainder when 248 is divided by 25?
23
What is the remainder when 1483 is divided by 53?
52
What is the remainder when 65 is divided by 27?
11
What is the remainder when 83 is divided by 12?
11
Calculate the remainder when 1149 is divided by 241.
185
What is the remainder when 37 is divided by 33?
4
Calculate the remainder when 4407 is divided by 2199.
9
Calculate the remainder when 47 is divided by 20.
7
What is the remainder when 11599 is divided by 20?
19
Calculate the remainder when 128 is divided by 68.
60
What is the remainder when 1102 is divided by 48?
46
What is the remainder when 574 is divided by 25?
24
What is the remainder when 32 is divided by 24?
8
What is the remainder when 234 is divided by 42?
24
What is the remainder when 368 is divided by 192?
176
Calculate the remainder when 582 is divided by 80.
22
What is the remainder when 1226 is divided by 610?
6
Calculate the remainder when 7266 is divided by 3632.
2
Calculate the remainder when 716 is divided by 59.
8
Calculate the remainder when 2267 is divided by 2.
1
What is the remainder when 458 is divided by 130?
68
What is the remainder when 363 is divided by 16?
11
Calculate the remainder when 5062 is divided by 317.
307
What is the remainder when 3